*2 + 10*j - 51. What is the tens digit of n(i)?
7
Suppose 2*u = 5*k - 15, -k + 3*u = -4*k + 30. Let z be -1 - -145 - (3 - k)/(-1). Let l = 223 - z. What is the tens digit of l?
8
Suppose 4*x - r + 901 = 5*x, 3*x - r = 2715. Suppose -t + 4*w + x = 62, w = 5*t - 4229. What is the tens digit of t?
4
Let s be (32/80)/(0 + 2/10). Let x be (s/(-2) - -26)/((-3)/12). Let p = 127 + x. What is the tens digit of p?
2
Let x = 5844 - -39483. What is the ten thousands digit of x?
4
Let v be -2 + 3051/(-6) + (-2)/4. Let l be v/4 + 21/28. Let h = l - -257. What is the units digit of h?
0
Let l be (3*3/(-6))/(3/(-6)). Suppose -2*p + n = -105, 210 = 5*p - l*n - 55. Suppose -50 = -0*q - q - 5*y, q + y = p. What is the tens digit of q?
5
Suppose 9*r = 23*r - 1316. Let y = r + -94. Suppose 13*c - 434 - 723 = y. What is the units digit of c?
9
Let k be (2006/51 - (-1 + 10))*6. Suppose 0 = -0*n - n - 98. Let s = k + n. What is the units digit of s?
4
Suppose 9 + 219 = -6*r. What is the units digit of (-1354)/(-10) - r/(-95)?
5
Suppose -83*i = 152*i. Suppose -297 = -3*v + 117. Suppose -3*d + 6*o - 2*o + 138 = i, -3*d - 2*o = -v. What is the units digit of d?
6
Let x(t) = 360*t**3 + 2*t**2 - 2*t + 1. Let h be 1 + -2 + 4 + (3 - 5). What is the hundreds digit of x(h)?
3
What is the tens digit of (-1 - -26961) + (-470)/(-47)?
7
Suppose -3*a = -0*a - 21. Suppose 12*s - a*s = 25. Suppose -509 = -3*k - 5*u, 4*k - 2*k - 341 = -s*u. What is the hundreds digit of k?
1
Suppose -6*z + 12 = 96. What is the hundreds digit of ((-1732)/z)/((-26)/(-91))?
4
Suppose 4*c + 6127 = -7*c. Let n = -381 - c. What is the tens digit of n?
7
Let b be (20/(-35))/((-1)/14). Suppose 2197 = b*a - 3443. What is the units digit of a?
5
Let y be 1/(-2 + (-105)/(-50)). Suppose -21 = -y*g - 81. What is the hundreds digit of g*(-1 + (-21)/1 + -1)?
1
Let q = 817 - 382. Let f = q + -351. What is the units digit of f?
4
Suppose -5*v + 5*o + 54480 = 0, v = -2*o - 4607 + 15500. Suppose 3997 + v = 34*t. What is the hundreds digit of t?
4
Suppose 3*t - 2*z - 29361 = 2*z, -35*z + 40*z = 0. What is the thousands digit of t?
9
What is the hundreds digit of (-28)/(((18/(-12))/(-3))/(-215)) - 5?
0
Suppose -75 + 27 = 4*q. Let f(n) = 3*n + 44. Let o be f(q). Suppose -3*i - 3*k + o*k + 383 = 0, -k + 526 = 4*i. What is the tens digit of i?
3
Let i(h) = 45*h - 695. Let q be i(16). Let g = 2 + -2. What is the tens digit of q + g*(-1 + 2)?
2
Suppose -37*s = -380330 + 19540 - 161798. What is the thousands digit of s?
4
Let u be 1 + (-1962)/(-9) + 4*1. Let i = u - 151. What is the tens digit of i?
7
Suppose 16*p = 9*p - 1701. Suppose 4*x + 4*u + 332 = 0, -x - 71 = -0*u - 2*u. Let a = x - p. What is the hundreds digit of a?
1
Suppose -10865678 - 15682588 = -474*q. What is the units digit of q?
9
Let f(b) = 38*b**2 - b**3 - 3*b**2 + 0*b**3 - 13*b**2 + 25 + 20*b. Let c be f(23). What is the tens digit of (4 - 10)*(-1)/2 - c?
4
Suppose 4 = -3*t + 13. Let n be (-6 - (-3 + -4))*(-9 - -4)/(-1). Suppose 49 = t*v + 4*k, -n*k = 4*v - 3*v - 20. What is the tens digit of v?
1
Let g(z) = -2893*z - 19. Let f be g(-1). Suppose 3*m + 5*u = f - 977, -3*m + 1906 = -4*u. What is the tens digit of m?
3
Suppose 2*b - 100 = -23*b. Suppose 3*g = 5*k - 1937, 4*g - 668 = -b*k + 856. What is the hundreds digit of k?
3
Suppose 0 = o + 4*o + 20, 5*l = 3*o + 187. Let t = l - 18. Suppose s = -5 + t. What is the tens digit of s?
1
Suppose 10*h + 209 = 249. Suppose -27*p + 750 = t - 30*p, -h*p - 3695 = -5*t. What is the tens digit of t?
3
Suppose 0 = 2*c + 8, -230*g = -228*g - 2*c - 31984. What is the ten thousands digit of g?
1
Let i(b) = b**3 + 4*b + 6116. What is the thousands digit of i(0)?
6
Suppose 0*x - 5*x + 18044 = -3*x. What is the hundreds digit of x?
0
Let j = 32229 - 8722. What is the hundreds digit of j?
5
Let n(k) = k**3 + 40*k**2 - 4*k - 110. Let q be n(-40). Suppose 22*r - q*r + 38808 = 0. What is the hundreds digit of r?
3
Suppose 5*c - 22*c - 102 = 0. What is the tens digit of (24/28)/(c/(-966))?
3
Let z(f) = -f**3 - 2*f**2 - 1. Let j(g) = -g**3 - 4*g**2 - 5*g + 6. Let q(x) = 2*j(x) - 4*z(x). What is the tens digit of q(4)?
0
Suppose 27 = -2*k - 5*t, -105*k = -104*k - 5*t - 9. Let r(o) = 5 - 13*o + o**2 + 6 + o**2. What is the tens digit of r(k)?
6
Let n(s) = 142*s**2 - 3*s + 4. Let x be n(2). Let b = 1013 - x. What is the tens digit of b?
4
Suppose -12*l + 1221 = -13*l. Let t = -306 - l. What is the tens digit of t?
1
Suppose -5*v = -5*g - 10, 25 = 4*v + 3*g + 3. Suppose 5*n = o - 0*n - 30, -5 = 3*o + v*n. What is the tens digit of ((-2)/6)/(o/(-1395))?
9
Let d(o) = -2*o**2 - 63*o - 86. Let w be d(-30). What is the units digit of w + 1 + -4 - -1071?
2
Suppose -24*f - 7623 + 111446 = -103057. What is the hundreds digit of f?
6
Let s(j) = -j**2 + 8*j - 6. Let g be s(7). Let y be (-80)/28 + -5 + g/(-7). What is the tens digit of 1185/25 - y/(-20)?
4
Let p = 354 + -175. Suppose -25*v + 24*v = -p. What is the units digit of v?
9
Suppose -54*h + 5132925 = 55*h - 34*h. What is the hundreds digit of h?
4
Let b be ((-546)/(-49))/((-1)/42). Let g = b - -1488. What is the tens digit of g?
2
Let k(l) = 19*l**2 - 3*l + 4*l + 10 - 11*l + 4*l. What is the hundreds digit of k(-6)?
7
Suppose -18 = -5*l + 12. Suppose -l*g + 5*g = -3. Suppose g*t - t + 460 = 4*u, 0 = -5*u + 3*t + 573. What is the units digit of u?
7
Let d(b) = 12*b**2 + 16*b + 19. Let c be d(-12). Suppose 0 = -5*y + c - 90. What is the units digit of y?
3
Let f(x) be the second derivative of -x**5/20 + 17*x**4/6 - 14*x**3/3 - 38*x**2 - 23*x. What is the units digit of f(33)?
9
Let w(z) = -2*z**2 + 36*z + 3. Let y be w(18). Suppose 4 = 2*r - 0*r, -2*s + y*r + 220 = 0. Suppose s = -6*a + 1043. What is the hundreds digit of a?
1
What is the tens digit of -7 - 36784/(-13 - -9)?
8
Let j be (-4)/(3/(-12)*4). Suppose -j = s, -3*s + 84 = -2*n + 706. What is the units digit of n?
5
Let q = 12472 + -5060. Suppose -18*x + q = -x. What is the hundreds digit of x?
4
Let f be 730/(-4) + (-3)/(-6). Let a be 32672/(-128) + 4/16. Let t = f - a. What is the tens digit of t?
7
Let a be 1/(-2)*4*(-23 + -4). What is the thousands digit of ((-60)/10)/a + 11854/9?
1
What is the units digit of -98*(-11)/(-44)*1096/(-14)?
8
Let f(g) = 399*g + 2411. What is the hundreds digit of f(9)?
0
Let a(x) = 4*x + 8. Let w be a(2). Let r(i) = 7*i - 36. Let y(j) = -j + 1. Let p(t) = r(t) + 3*y(t). What is the tens digit of p(w)?
3
Let f(t) = 2*t**3 + 13*t**2 + 16*t - 47. What is the hundreds digit of f(10)?
4
What is the thousands digit of ((-31)/((-93)/(-53262)))/(6/(-9)) - -6?
6
Suppose -5*g + 5*v + 23 = -62, -21 = -3*g - 3*v. Suppose 11*i - g*i = -120. What is the tens digit of i?
2
Let s(p) = -33*p - 2*p**2 + 1 - 9 + 0*p**2 + 7*p. Let a be s(-11). What is the tens digit of (15/(-10))/((-2)/a)?
2
Suppose -21*t = -517*t + 26237904. What is the thousands digit of t?
2
Let r(j) = -2*j**3 - 12*j**2 - 18*j + 31. Let d be r(-9). Suppose -4*n = -3*a + d, 3*n + 2*n = -5. What is the hundreds digit of a?
2
Let b(o) = -15*o - 65. Let y be b(7). Let c = 697 + y. What is the hundreds digit of c?
5
Let b = 45 - 29. Let v = b - 13. Suppose -v*j + 25 = -230. What is the tens digit of j?
8
Suppose -12*p + 526 = 2*h - 15*p, 3*h - 13*p = 823. What is the units digit of h?
7
Let h(v) be the first derivative of v**4/12 + v**3/2 + 4*v**2 - 16. Let t(l) be the second derivative of h(l). What is the tens digit of t(13)?
2
Let c(g) be the third derivative of g**5/30 + 7*g**4/24 - 11*g**3/3 - 9*g**2. Let v be c(-9). What is the tens digit of (-2 + 6)/(14/3)*v?
6
Let p = -19727 - -35178. What is the hundreds digit of p?
4
Suppose -6*l + 11*l = -q + 1878, -2*l - 15*q = -649. What is the units digit of l?
7
Let g = 8958 + -4987. What is the thousands digit of g?
3
Suppose 350*f - 345*f - i + 184 = 0, f + 2*i = -39. Suppose 4 = 4*z - 2*z. What is the tens digit of z - (-10)/(-4) - f/2?
1
Suppose 4*c - p = -0*p - 11, -5*c = -p + 15. What is the units digit of 21 - -279 - (-2 + (c - -2))?
4
Let i(v) be the first derivative of v**6/36 - v**4/12 + 7*v**3/3 - 12. Let p(k) be the third derivative of i(k). What is the tens digit of p(-2)?
3
Let i = 215 + -225. Let g = 3 - i. What is the units digit of g?
3
Let n be ((-12330)/(-25))/((-9)/300). What is t